83
Calculate the greatest common factor of 20559 and 15477.
231
What is the highest common factor of 182 and 386386?
182
What is the greatest common divisor of 3025 and 220?
55
What is the greatest common factor of 141 and 341643?
141
Calculate the greatest common factor of 39396 and 28.
28
What is the greatest common factor of 136017 and 5355?
1071
What is the highest common divisor of 1 and 8422?
1
What is the greatest common divisor of 8535 and 60?
15
Calculate the highest common divisor of 325 and 2013115.
65
Calculate the highest common factor of 11584 and 3776.
64
Calculate the greatest common divisor of 5004 and 90906.
834
What is the greatest common divisor of 220374 and 424?
106
Calculate the greatest common divisor of 900 and 1636.
4
What is the greatest common divisor of 32648 and 168?
56
What is the greatest common divisor of 4 and 1748372?
4
What is the greatest common divisor of 160 and 470?
10
What is the greatest common divisor of 12024 and 3674?
334
What is the highest common factor of 2608 and 4124552?
1304
Calculate the greatest common factor of 376 and 1253960.
376
What is the greatest common factor of 222 and 268953?
111
Calculate the highest common divisor of 5120 and 1195.
5
Calculate the highest common factor of 245523 and 1338.
669
Calculate the highest common divisor of 1868 and 12.
4
Calculate the highest common divisor of 2310 and 2226.
42
What is the greatest common factor of 311 and 15809063?
311
Calculate the highest common factor of 41899 and 99.
11
Calculate the highest common factor of 94 and 94.
94
Calculate the greatest common divisor of 150 and 244600.
50
Calculate the greatest common factor of 51888 and 13064.
184
What is the highest common factor of 318973 and 921?
307
What is the greatest common divisor of 70761 and 12669?
309
What is the greatest common factor of 1410 and 3153324?
282
What is the greatest common divisor of 1260 and 105308?
28
Calculate the highest common divisor of 4154 and 2542.
62
What is the highest common factor of 21983 and 4769?
19
What is the greatest common divisor of 1927 and 1107?
41
Calculate the highest common factor of 16891 and 21.
7
What is the highest common divisor of 546 and 749385?
273
What is the greatest common factor of 4 and 419?
1
Calculate the greatest common divisor of 1 and 11743.
1
What is the greatest common factor of 56979 and 936?
117
Calculate the greatest common divisor of 860 and 16160.
20
What is the greatest common factor of 45661 and 5236?
77
Calculate the highest common factor of 21900 and 25860.
60
What is the greatest common factor of 264 and 3432?
264
Calculate the highest common factor of 116406 and 4698.
522
Calculate the highest common divisor of 670 and 3700.
10
What is the highest common factor of 437006 and 94?
94
Calculate the greatest common divisor of 102428 and 28.
4
What is the greatest common factor of 169620 and 1799?
257
What is the greatest common divisor of 23933 and 6279?
91
Calculate the highest common factor of 1541738 and 44.
22
What is the greatest common factor of 957 and 284779?
11
Calculate the highest common factor of 145 and 97208.
29
What is the highest common divisor of 36 and 872796?
12
Calculate the greatest common divisor of 81 and 148671.
9
Calculate the highest common divisor of 14798 and 18914.
98
Calculate the greatest common divisor of 440 and 13464.
88
Calculate the highest common factor of 8544 and 10146.
534
Calculate the greatest common divisor of 3030 and 660.
30
What is the greatest common divisor of 98710 and 15?
5
Calculate the highest common factor of 145560 and 120.
120
Calculate the highest common factor of 284160 and 666.
222
Calculate the highest common divisor of 1763 and 3321.
41
What is the highest common divisor of 2365 and 21070?
215
Calculate the highest common factor of 1231714 and 22.
22
What is the greatest common factor of 24480 and 5920?
160
Calculate the highest common factor of 95625 and 174420.
765
What is the greatest common factor of 5706 and 27?
9
What is the highest common divisor of 5358 and 1311?
57
Calculate the greatest common factor of 642 and 954.
6
What is the greatest common divisor of 382760 and 175?
35
What is the greatest common divisor of 563340 and 1968?
492
Calculate the highest common factor of 204779 and 47.
47
Calculate the greatest common divisor of 48094 and 8304.
346
Calculate the highest common factor of 908686 and 464.
58
Calculate the greatest common factor of 22464 and 36864.
576
Calculate the highest common divisor of 164747 and 6358.
187
Calculate the greatest common divisor of 64 and 722240.
64
Calculate the highest common factor of 3698 and 6192.
86
Calculate the greatest common factor of 7779 and 48.
3
What is the highest common divisor of 417087 and 121?
121
Calculate the greatest common divisor of 7200 and 358650.
450
Calculate the greatest common factor of 144708 and 1116.
372
What is the highest common factor of 9 and 6561?
9
What is the highest common divisor of 4261765 and 2355?
785
What is the highest common divisor of 252 and 17256?
12
Calculate the greatest common factor of 189 and 23772.
21
Calculate the greatest common divisor of 37179 and 306.
153
Calculate the greatest common divisor of 4872 and 609.
609
What is the highest common divisor of 45 and 328113?
9
Calculate the greatest common divisor of 2130 and 101530.
710
Calculate the greatest common factor of 20 and 268120.
20
What is the highest common factor of 98 and 70903?
49
Calculate the greatest common factor of 239317 and 3731.
533
What is the highest common divisor of 3694225 and 25?
25
What is the highest common divisor of 7982700 and 660?
660
Calculate the greatest common divisor of 72315 and 360.
45
Calculate the highest common divisor of 4053 and 1864959.
579
What is the greatest common divisor of 15741 and 1100?
11
Calculate the highest common divisor of 472398 and 1161.
129
Calculate the highest common factor of 10985 and 26.
13
Calculate the highest common divisor of 630 and 115094.
14
Calculate the highest common divisor of 767 and 355652.
59
What is the highest common factor of 72956 and 12627?
1403
What is the highest common divisor of 511 and 193961?
73
Calculate the highest common factor of 19255 and 25.
5
What is the highest common factor of 11292 and 108?
12
Calculate the greatest common divisor of 32 and 1488.
16
What is the greatest common divisor of 59060 and 20?
20
What is the greatest common divisor of 43267 and 90949?
883
Calculate the highest common divisor of 179227 and 57.
19
What is the greatest common divisor of 1069893 and 11?
11
Calculate the greatest common factor of 12765 and 4140.
345
What is the highest common factor of 188825 and 525?
175
Calculate the greatest common factor of 962 and 28046.
74
Calculate the highest common factor of 1863 and 2997.
81
Calculate the highest common divisor of 3255 and 4515.
105
Calculate the greatest common divisor of 33300 and 44511.
111
Calculate the highest common factor of 14958 and 3672.
54
Calculate the highest common factor of 252 and 93996.
252
Calculate the greatest common divisor of 10 and 4184.
2
Calculate the greatest common divisor of 300378 and 624.
78
What is the highest common factor of 107 and 49969?
107
Calculate the greatest common factor of 17415 and 225.
45
What is the greatest common divisor of 168 and 20643?
21
What is the highest common factor of 137 and 4265?
1
Calculate the highest common factor of 8078 and 182.
14
What is the greatest common factor of 1 and 705980?
1
What is the highest common divisor of 1090 and 499874?
218
Calculate the greatest common divisor of 122 and 7316950.
122
What is the greatest common factor of 259 and 77021?
7
What is the greatest common factor of 29820 and 700?
140
What is the highest common factor of 1250 and 402600?
50
Calculate the greatest common divisor of 2888 and 17480.
152
What is the greatest common divisor of 66275 and 99?
11
Calculate the highest common factor of 2892 and 372.
12
Calculate the highest common factor of 19310 and 14.
2
What is the greatest common factor of 4 and 75228?
4
What is the highest common factor of 12926 and 9835?
281
What is the greatest common divisor of 1166 and 13574?
22
What is the highest common divisor of 316851 and